me?
True
Is 45481 a prime number?
True
Is 17647 prime?
False
Is 89819 a prime number?
True
Is 60181 prime?
False
Is 6101 a composite number?
False
Is 182915 a prime number?
False
Is 626 a composite number?
True
Is 124711 composite?
True
Is 955 a composite number?
True
Is 6619 a composite number?
False
Is 843229 prime?
True
Is 2503 prime?
True
Is 615517 prime?
False
Is 24061 prime?
True
Is 563 composite?
False
Is 1234309 a composite number?
False
Is 16529 prime?
True
Is 7369 prime?
True
Is 4201 a prime number?
True
Is 287435 a prime number?
False
Is 8887 prime?
True
Is 856403 prime?
False
Is 17233 prime?
False
Is 1981357 composite?
True
Is 34366 a prime number?
False
Is 23531 a composite number?
False
Is 74791 a composite number?
True
Is 16787 a composite number?
False
Is 2130577 composite?
False
Is 14813 prime?
True
Is 162119 a composite number?
False
Is 88898 a prime number?
False
Is 3907 a composite number?
False
Is 34187 a composite number?
True
Is 12421 prime?
True
Is 31769 composite?
False
Is 12721 a composite number?
False
Is 105949 composite?
True
Is 3442999 prime?
False
Is 235289 composite?
False
Is 36037 a composite number?
False
Is 14821 composite?
False
Is 7435 composite?
True
Is 47807 composite?
False
Is 1553971 a prime number?
True
Is 576881 prime?
True
Is 16689 a prime number?
False
Is 16489 prime?
False
Is 6109 a prime number?
False
Is 13751 composite?
False
Is 50603 composite?
True
Is 37747 composite?
False
Is 1543 prime?
True
Is 32477 a composite number?
True
Is 18299 composite?
True
Is 212651 a prime number?
True
Is 305593 prime?
True
Is 31279 prime?
False
Is 77851 prime?
False
Is 210659 prime?
True
Is 325987 a composite number?
False
Is 2101 a prime number?
False
Is 895841 a prime number?
True
Is 64451 a prime number?
True
Is 675587 a composite number?
True
Is 3743 a prime number?
False
Is 133306 a composite number?
True
Is 36073 composite?
False
Is 77833 a composite number?
True
Is 18227 a prime number?
False
Is 399097 composite?
False
Is 123022 composite?
True
Is 5513 composite?
True
Is 30449 a composite number?
False
Is 2729 a prime number?
True
Is 535349 prime?
True
Is 781 composite?
True
Is 2785 prime?
False
Is 1037 a composite number?
True
Is 260483 prime?
True
Is 109999 a composite number?
True
Is 2881 a prime number?
False
Is 10357 prime?
True
Is 9511 a prime number?
True
Is 5603 prime?
False
Is 532663 prime?
True
Is 256117 a composite number?
False
Is 799217 a composite number?
False
Is 116029 composite?
True
Is 18118 a prime number?
False
Is 287669 composite?
False
Is 197419 composite?
False
Is 514571 a prime number?
True
Is 123757 a composite number?
False
Is 1943 a prime number?
False
Is 979835 a composite number?
True
Is 16057 a prime number?
True
Is 7439 prime?
False
Is 289526 composite?
True
Is 1681 composite?
True
Is 1505409 a composite number?
True
Is 472349 prime?
True
Is 60189 prime?
False
Is 324827 composite?
True
Is 14767 prime?
True
Is 546961 prime?
True
Is 150141 composite?
True
Is 234569 a composite number?
True
Is 316087 a composite number?
False
Is 3527 composite?
False
Is 1188353 composite?
False
Is 2007611 prime?
True
Is 53717 composite?
False
Is 48747 a composite number?
True
Is 88337 a prime number?
True
Is 6187 composite?
True
Is 179 composite?
False
Is 641 composite?
False
Is 340321 composite?
False
Is 45211 composite?
True
Is 956117 composite?
True
Is 52769 a prime number?
True
Is 486527 a composite number?
False
Is 2319 composite?
True
Is 26186 composite?
True
Is 10391 a composite number?
False
Is 1339145 prime?
False
Is 686306 composite?
True
Is 69835 prime?
False
Is 5297 a prime number?
True
Is 17245 a prime number?
False
Is 181967 composite?
False
Is 2743 prime?
False
Is 43223 a composite number?
False
Is 8663 a composite number?
False
Is 8849 a composite number?
False
Is 25819 a prime number?
True
Is 476845 prime?
False
Is 14251 a composite number?
False
Is 23369 a prime number?
True
Is 8035 prime?
False
Is 154369 prime?
True
Is 4343 composite?
True
Is 50231 prime?
True
Is 281057 prime?
False
Is 1145 prime?
False
Is 133337 prime?
True
Is 129263 composite?
False
Is 197539 composite?
False
Is 447253 a composite number?
True
Is 1182059 a composite number?
True
Is 180599 prime?
False
Is 610817 a prime number?
True
Is 397 prime?
True
Is 4410317 a composite number?
False
Is 25793 a prime number?
True
Is 119533 prime?
True
Is 1031365 a composite number?
True
Is 9371 a composite number?
False
Is 6297 a composite number?
True
Is 148627 a prime number?
True
Is 426583 a composite number?
False
Is 639907 a prime number?
True
Is 6623 composite?
True
Is 578719 a prime number?
True
Is 821971 a prime number?
True
Is 86783 a composite number?
False
Is 34679 a prime number?
True
Is 784243 a prime number?
True
Is 4078091 composite?
True
Is 4050433 prime?
True
Is 2662027 prime?
True
Is 410617 prime?
True
Is 45398 a composite number?
True
Is 106327 a composite number?
True
Is 331 a prime number?
True
Is 78871 a composite number?
True
Is 43117 prime?
True
Is 18553 a composite number?
False
Is 452857 prime?
True
Is 23979 a composite number?
True
Is 2053 a composite number?
False
Is 644513 composite?
False
Is 66037 a composite number?
False
Is 3449 composite?
False
Is 57881 prime?
True
Is 23087 a prime number?
True
Is 36323 a prime number?
False
Is 160007 a composite number?
True
Is 157709 prime?
False
Is 184897 composite?
True
Is 245569 a composite number?
True
Is 5779 a prime number?
True
Is 105373 prime?
True
Is 12761 composite?
True
Is 159091 composite?
True
Is 24539 a composite number?
True
Is 1023109 prime?
False
Is 43193 composite?
True
Is 40277 prime?
True
Is 35914 composite?
True
Is 33541 prime?
False
Is 68261 prime?
True
Is 306149 a prime number?
True
Is 4201 composite?
False
Is 5261 prime?
True
Is 60209 composite?
False
Is 512047 composite?
False
Is 26153 prime?
True
Is 638053 composite?
True
Is 10351 a composite number?
True
Is 629 prime?
False
Is 9997 composite?
True
Is 17147 a composite number?
True
Is 818 a prime number?
False
Is 48437 a composite number?
False
Is 10301 a composite number?
False
Is 1043 composite?
True
Is 35515 a composite number?
True
Is 303817 prime?
True
Is 1293 a prime number?
False
Is 20413 composite?
True
Is 327941 composite?
False
Is 128773 composite?
True
Is 2641 a prime number?
False
Is 214899 a prime number?
False
Is 10831 prime?
True
Is 2774843 a composite number?
False
Is 10151 a prime number?
True
Is 22957 composite?
True
Is 5557 a prime number?
True
Is 2356786 a composite number?
True
Is 27361 prime?
True
Is 88721 a composite number?
False
Is 34901 composite?
True
Is 1277 a composite number?
False
Is 1355 composite?
True
Is 18041 prime?
True
Is 5403 a composite number?
True
Is 25349 a composite number?
False
Is 400753 prime?
True
Is 983921 prime?
False
Is 38501 composite?
False
Is 10903 a prime number?
True
Is 39781 a composite number?
True
Is 3593 a prime number?
True
Is 16057 prime?
True
Is 100789 prime?
False
Is 328433 a prime number?
False
Is 48937 prime?
False
Is 239779 a prime number?
True
Is 2773 a composite number?
True
Is 4138 a prime number?
False
Is 56359 prime?
True
Is 4481 prime?
True
Is 7273 a prime number?
False
Is 70877 prime?
True
Is 30757 a prime number?
True
Is 178491 prime?
False
Is 1567 composite?
False
Is 232537 a prime number?
False
Is 103331 prime?
False
Is 27611 a prime number?
True
Is 52123 prime?
False
Is 430594 a prime number?
False
Is 260713 prime?
True
Is 1769 prime?
False
Is 1126 prime?
False
Is 28859 a composite number?
False
Is 14279 prime?
False
Is 32605 composite?
True
Is 56687 composite?
False
Is 490597 prime?
False
Is 14489 composite?
False
Is 31367 prime?
False
Is 94099 prime?
True
Is 1107511 composite?
False
Is 73121 composite?
False
Is 66217 a prime number?
False
Is 3203 prime?
True
Is 16183 a prime number?
True
Is 35873 a composite number?
True
Is 679697 composite?
True
Is 79939 a composite number?
False
Is 63911 composite?
True
Is 30059 prime?
True
Is 149 a prime number?
True
Is 1704251 a prime number?
True
Is 23251 a composite number?
False
Is 6007 prime?
True
Is 126001 composite?
False
Is 2505005 composite?
True
Is 30101 a composite number?
True
Is 1575961 a prime number?
True
Is 242971 a composite number?
False
Is 15